7*c + 107. Calculate y(-11).
-410
Let g(m) = -m**2 + 1622*m + 26. Give g(0).
26
Let m(i) = -3119*i - 12468. Determine m(-4).
8
Let k(p) = -p**3 - 14*p**2 - 22*p + 17. Determine k(-12).
-7
Let k(c) = c**3 - 10*c**2 - 7*c + 65. Determine k(10).
-5
Let b(k) = -66*k + 188. Calculate b(5).
-142
Let q(j) = 41*j**2 - 11*j + 12. What is q(2)?
154
Let x(m) = 239*m + 1485. Determine x(-6).
51
Let y(z) = -5259*z - 84151. Determine y(-16).
-7
Let r(w) = -w**3 + 123*w**2 + 244*w + 798. Give r(125).
48
Let w(r) = -262*r + 11774. Determine w(45).
-16
Let k(f) = -397*f - 1888. What is k(-5)?
97
Let g(u) = -u**3 + 16*u**2 - 23*u - 32. Calculate g(13).
176
Let k(u) = 61*u + 382. Calculate k(-5).
77
Let q(t) = -5*t**3 - 33*t**2 - 53*t - 201. Determine q(-6).
9
Let m(x) = -7*x**3 - 35*x**2 + 15*x + 13. What is m(-5)?
-62
Let f(a) = -a**2 + 43*a - 450. Determine f(19).
6
Let x(g) = -15*g**3 - 39*g**2 - 38*g - 1. Determine x(-1).
13
Let u(b) = 715*b + 7754. Calculate u(-11).
-111
Let t(b) = b**2 + 24*b - 23865. Give t(143).
16
Let h(t) = -4*t**2 - 74*t - 373. Give h(-5).
-103
Let k(y) = -10*y**2 + 117*y - 3. Calculate k(5).
332
Let r(i) = 221*i**2 + 163*i - 164. Give r(1).
220
Let j(h) = -228*h - 888. Calculate j(-4).
24
Let d(u) = u**3 - 49*u**2 - 51*u + 8. Give d(50).
-42
Let b(y) = -13*y**2 + 1173*y - 254. Give b(90).
16
Let d(v) = -170*v + 29226. Determine d(172).
-14
Let a(w) = -2*w**3 - 76*w**2 + 961*w + 19. Calculate a(-48).
-29
Let v(k) = -426*k - 2484. Calculate v(-6).
72
Let a(z) = -99*z + 2870. Give a(29).
-1
Let q(d) = -3*d**2 - 243*d - 3113. Calculate q(-65).
7
Let u(a) = -802*a + 3200. What is u(4)?
-8
Let a(j) = 6*j**2 + 53*j + 43. Determine a(-6).
-59
Let k(s) = s**2 + 18*s - 273. Determine k(-24).
-129
Let y(d) = 37*d - 1501. What is y(47)?
238
Let b(s) = 225*s - 443. What is b(2)?
7
Let y(r) = -r**2 + 45*r + 146. Give y(46).
100
Let r(p) = p**3 + 52*p**2 + 113*p + 241. What is r(-50)?
-409
Let w(v) = v**3 + 23*v**2 + 15*v + 96. Give w(-24).
-840
Let u(r) = r**3 - 4*r**2 - 19*r - 13. Calculate u(-3).
-19
Let o(g) = 293*g + 2634. Calculate o(-9).
-3
Let m(t) = t**3 - 7*t**2 - 90*t + 151. Determine m(15).
601
Let z(w) = w**2 - 40*w - 216. Calculate z(-5).
9
Let a(v) = v**2 - 92*v - 1016. Give a(-13).
349
Let v(h) = -h**3 - 46*h**2 - 91*h - 121. Calculate v(-44).
11
Let v(t) = -6*t + 109. Determine v(-13).
187
Let p(x) = -3*x**3 + 13*x + 14. What is p(-4)?
154
Let c(i) = 2*i**3 - 6*i**2 - 37*i - 8. Give c(7).
125
Let q(m) = -20*m**2 + 1541*m - 64. Give q(77).
13
Let r(u) = u**3 + 8*u**2 + 20*u + 98. Calculate r(-7).
7
Let p(m) = m**2 + 39*m + 211. What is p(-7)?
-13
Let x(q) = 274*q - 8. Give x(0).
-8
Let u(s) = -s**2 - 2*s - 1. Determine u(-5).
-16
Let j(l) = -937*l**3 - 9*l**2 - 13*l - 3. What is j(-1)?
938
Let m(x) = -9*x**3 + 848*x**2 - 189*x + 131. Give m(94).
37
Let l(v) = 52*v - 961. What is l(19)?
27
Let n(b) = 7*b**2 - 164*b - 110. Calculate n(24).
-14
Let u(d) = d**2 - 34387*d - 5. What is u(0)?
-5
Let q(b) = 2*b**3 + 17*b**2 - 43*b - 3. Determine q(3).
75
Let s(u) = 414*u**3 + 7864*u**2 - 39*u - 15. Calculate s(-19).
4
Let m(g) = g**3 + 61*g**2 + 131*g + 758. What is m(-59)?
-9
Let r(d) = d**2 + 26*d + 58. Calculate r(-8).
-86
Let j(y) = -53*y - 307. Give j(-7).
64
Let d(h) = -2*h**3 - 14*h**2 - 11*h - 78. Give d(-7).
-1
Let v(m) = 6*m**3 + 44*m**2 + 7*m - 42. Give v(-7).
7
Let w(l) = l**3 + 23*l**2 + 27*l - 1337. Calculate w(-13).
2
Let o(p) = 199*p**2 + 13916*p - 980. Determine o(-70).
0
Let b(w) = -14*w**3 - 41*w**2 + 7*w + 10. Give b(-3).
-2
Let m(g) = -4*g**3 + 2*g**2 + 5*g - 36. Determine m(3).
-111
Let t(c) = -c**2 - 18*c + 733. Give t(-34).
189
Let t(g) = g**2 - 51*g + 23. Determine t(49).
-75
Let w(f) = f**3 - 11*f**2 - 553*f + 5607. Determine w(10).
-23
Let l(q) = 249*q - 6992. Determine l(28).
-20
Let t(x) = x**3 - 3*x**2 - 111*x + 69. What is t(11)?
-184
Let t(u) = -838*u + 838. What is t(1)?
0
Let w(g) = -191*g**2 - 7*g + 4. Determine w(-2).
-746
Let j(m) = 1193*m + 4768. Determine j(-4).
-4
Let g(f) = f**2 + 13*f - 14. Give g(-9).
-50
Let l(k) = 2*k**2 + 10*k + 15. Determine l(-8).
63
Let g(b) = -b**3 - 16*b**2 - 59*b - 1633. What is g(-18)?
77
Let y(r) = r**3 + 48*r**2 + 355*r + 1405. Give y(-40).
5
Let v(x) = -18*x**2 + 41*x - 6. Give v(4).
-130
Let q(g) = 20*g**2 - 339*g + 4. What is q(17)?
21
Let n(m) = -m**3 - 6*m**2 - 13*m - 98. What is n(-6)?
-20
Let f(g) = g**3 + 62*g**2 + 282*g - 118. Determine f(-57).
53
Let c(q) = 181*q + 2391. Give c(-13).
38
Let u(f) = 99*f - 217. Calculate u(2).
-19
Let g(z) = -3*z**3 + 44*z**2 - 110*z + 1824. What is g(15)?
-51
Let b(o) = o**3 + 80*o**2 - 256*o - 613. Determine b(-83).
-32
Let z(r) = -1914*r + 200. Determine z(0).
200
Let v(m) = -m**3 + 3*m**2 + 10*m + 4. What is v(-1)?
-2
Let s(b) = 15*b**2 + 345*b + 321. Determine s(-22).
-9
Let j(q) = -q**3 + 3*q**2 - 47*q + 94. What is j(2)?
4
Let s(n) = -460*n + 3662. Determine s(8).
-18
Let t(f) = f**3 - 6*f**2 - 33*f + 137. Give t(8).
1
Let u(q) = -q**2 + 20*q + 1002. Determine u(43).
13
Let g(i) = -i**3 + 7*i**2 - 104*i + 1141. Give g(9).
43
Let r(j) = -j**3 - 12*j**2 + 34*j + 68. Give r(-12).
-340
Let y(l) = 2*l**2 + 160*l - 1410. Determine y(8).
-2
Let p(l) = -4*l**2 + 104*l - 528. Calculate p(19).
4
Let g(a) = 622*a - 1229. What is g(2)?
15
Let s(k) = 3*k - 235. What is s(14)?
-193
Let i(z) = -z**3 + 4*z**2 + 36*z + 166. Give i(-4).
150
Let p(m) = -505*m - 7063. Determine p(-14).
7
Let m(a) = -2*a**3 - 9*a**2 - 24*a - 24. Determine m(-2).
4
Let l(k) = -k**2 - 50*k + 332. What is l(9)?
-199
Let x(t) = 2*t**3 - 2*t**2 + 33*t - 200. Give x(5).
165
Let v(c) = -92*c + 767. Calculate v(8).
31
Let v(c) = -418*c**2 + 4*c - 7. Give v(0).
-7
Let t(h) = -894*h + 907. Determine t(1).
13
Let n(c) = 35*c - 394. Calculate n(4).
-254
Let u(z) = -z**3 + 67*z**2 + 281*z + 210. Give u(71).
-3
Let x(b) = b**3 - 146*b**2 - 147*b + 5. What is x(147)?
5
Let d(p) = 72*p + 5902. Determine d(-82).
-2
Let a(t) = -149*t - 1918. Determine a(-13).
19
Let k(f) = 189*f + 6178. Give k(-32).
130
Let s(u) = 2*u**2 - 88*u + 680. Determine s(10).
0
Let k(i) = 2*i**3 - 15*i**2 + 197*i - 1632. What is k(8)?
8
Let w(c) = -2*c**3 - 17*c**2 - 60*c + 5. Give w(-6).
185
Let k(x) = x**3 - 94*x**2 + 6*x - 1310. Give k(94).
-746
Let r(l) = -2*l**2 - 39*l - 27. Calculate r(-13).
142
Let a(h) = -245*h + 1550. Calculate a(8).
-410
Let v(q) = -2*q**2 - 159*q - 1835. Give v(-14).
-1
Let u(k) = -k**3 - k**2 + 21*k - 3. Give u(4).
1
Let d(m) = -12*m**3 - 7*m**2 - 4*m + 2. Determine d(-1).
11
Let m(v) = 2*v**2 + 425*v - 2173. What is m(5)?
2
Let s(o) = -777*o + 5. Give s(0).
5
Let l(m) = -m**2 + 53*m + 791. Determine l(-12).
11
Let b(w) = w**3 - 7*w**2 + 13*w - 11. Calculate b(8).
157
Let t(l) = -6*l + 18. What is t(9)?
-36
Let p(f) = 681*f - 2725. Determine p(4).
-1
Let n(b) = 4*b**2 + 116*b + 394. Give n(-4).
-6
Let j(v) = -v**3 - 27*v**2 + 12*v + 94. Give j(-28).
542
Let s(p) = -2900*p + 2841. Determine s(1).
-59
Let q(h) = h**2 - 8*h + 24. What is q(5)?
9
Let h(w) = -w**3 - 7*w**2 - 41*w - 204. Give h(-6).
6
Let z(p) = -59*p + 238. What is z(4)?
2
Let y(a) = 45*a**2 - 5985*a - 77. Give y(133).
-77
Let h(i) = -350*i + 1061. Give h(3).
11
Let f(s) = 1065*s - 1082. Calculate f(1).
-17
Let n(l) = -436*l - 6228. Give n(-14).
-124
Let w(t) = -10*t**2 + 431*t - 39. What is w(43)?
4
Let q(x) = -35*x**2 - 4*x - 4. Give q(-2).
-136
Let r(g) = -32*g**2 - 101*g - 9. Calculate r(-3).
6
Let c(v) = v**3 + 20*v**2 - 51*v - 64. What is c(-22)?
90
Let y(v) = -4*v**3 - 79*v**2 - 150*v + 5. Calculate y(-2).
21
Let w(o) = 74*o**2 - 92*o + 90. Calculate w(1).
72
Let d(p) = 5*p**3 + p**2 - p - 4. Determine d(2).
38
Let r(l) = 2*l**3 - 60*l**2 - 188*l - 89. Determine r(33).
241
Let n(p) = -5*p**2 - 85*p - 322. Give n(-8).
38
Let i(a) = 2*a**3 - a**2 - 6*a - 3. Give i(-2).
-11
Let q(r) = r**3 - r**2 + 3*r - 15. Calculate q(4).
45
Let y(i) = 2*i**3 + 26*i**2 - 8*i - 21. Determine y(-13).
83
Let n(w) = w**2 + 15*w - 34. Determine n(2).
0
Let d(t) = -t**3 - 111*t**2 - 1074*t - 4. Calculate d(-11).
-290
Let l(t) = -3*t**2 + 264*t + 3622. Give l(-12).
22
Let j(d) = d**3 - 15*d**2 + 18*d - 322. What is j(15)?
-52
Let w(p) = 2*p**3 - 10*p**2 + 14. Determine w(4).
-18
Let b(z) = -4*z**3 + 139*z**2 - 77*z - 97. D